{"id":8398,"date":"2024-06-21T11:35:18","date_gmt":"2024-06-21T11:35:18","guid":{"rendered":"https:\/\/divinorog.com.br\/divino\/index.php\/bandas-liturgicas2-copy\/"},"modified":"2024-06-21T12:02:52","modified_gmt":"2024-06-21T12:02:52","slug":"setor-de-liturgia","status":"publish","type":"page","link":"https:\/\/divinorog.com.br\/index.php\/setor-de-liturgia\/","title":{"rendered":"Setor de Liturgia"},"content":{"rendered":"<p>[vc_row][vc_column]<div class=\"slz-shortcode sc_main_title main-title-146489245369e36079ec020   style-1  text-c \">\r\n\t<div class=\"slz-main-title\">\r\n\t\t\t\t\t\t\t\t\t<h2 class=\"title\">Setor de Liturgia\t\t\t\t\t\t<\/h2>\r\n\t\t\t\t\r\n\t<\/div>\r\n<\/div>\r\n\r\n[\/vc_column][\/vc_row][vc_row][vc_column width=&#8221;1\/3&#8243;][vc_single_image image=&#8221;8386&#8243; img_size=&#8221;medium&#8221; alignment=&#8221;center&#8221; style=&#8221;vc_box_circle_2&#8243;][vc_empty_space height=&#8221;22px&#8221;][vc_column_text]<\/p>\n<p style=\"text-align: center;\"><strong>Bandas Lit\u00fargicas<\/strong><\/p>\n<p style=\"text-align: center;\">Coordenador: Ednaldo Bezerra de Souza Fonseca<\/p>\n<p>[\/vc_column_text][\/vc_column][vc_column width=&#8221;1\/3&#8243;][vc_single_image image=&#8221;8393&#8243; img_size=&#8221;medium&#8221; alignment=&#8221;center&#8221; style=&#8221;vc_box_circle_2&#8243;][vc_empty_space height=&#8221;22px&#8221;][vc_column_text]<\/p>\n<p style=\"text-align: center;\"><strong>Auxiliares da Coordena\u00e7\u00e3o<\/strong><\/p>\n<p style=\"text-align: center;\">Gertrudes Rodrigues<br \/>\nFone: (61) 99832-9477<br \/>\ne-mail: mestela.dissantos@gmail.com<\/p>\n<p style=\"text-align: center;\">Auxiliares: Maria Estela Vieira dos Santos, Rosilene dos Santos Silva.<\/p>\n<p>[\/vc_column_text][\/vc_column][vc_column width=&#8221;1\/3&#8243;][vc_single_image image=&#8221;8394&#8243; img_size=&#8221;medium&#8221; alignment=&#8221;center&#8221; style=&#8221;vc_box_circle_2&#8243;][vc_empty_space height=&#8221;22px&#8221;][vc_column_text]<\/p>\n<p style=\"text-align: center;\"><strong>Coroinhas e Ac\u00f3litos<\/strong><\/p>\n<p style=\"text-align: center;\">Coordenadora: Maria L\u00facia Bezerra De Godoy<br \/>\nFone: (61) 3532-6414<br \/>\ne-mail: maria.luciagodoy@hotmail.com<\/p>\n<p style=\"text-align: center;\">Vice- Coordenadora: Iuri Garcia Crespim<\/p>\n<p>[\/vc_column_text][\/vc_column][\/vc_row][vc_row][vc_column width=&#8221;1\/3&#8243;][vc_single_image image=&#8221;8402&#8243; img_size=&#8221;medium&#8221; alignment=&#8221;center&#8221; style=&#8221;vc_box_circle_2&#8243;][vc_empty_space height=&#8221;22px&#8221;][vc_column_text]<\/p>\n<p style=\"text-align: center;\"><strong>Minist\u00e9rio da Palavra -MP<\/strong><\/p>\n<p style=\"text-align: center;\">Coordenadora: Maria Leodenice Alves Magalh\u00e3es<br \/>\nFone: (61) 3567-4790<br \/>\ne-mail: leodenice.df@gmail.com<\/p>\n<p style=\"text-align: center;\">Secret\u00e1rios: Maria Genilda Leite e Assis Rodrigues de Castro.<\/p>\n<p>[\/vc_column_text][\/vc_column][vc_column width=&#8221;1\/3&#8243;][vc_single_image image=&#8221;8393&#8243; img_size=&#8221;medium&#8221; alignment=&#8221;center&#8221; style=&#8221;vc_box_circle_2&#8243;][vc_empty_space height=&#8221;22px&#8221;][vc_column_text]<\/p>\n<p style=\"text-align: center;\"><strong>Ministros da Eucaristia<\/strong><\/p>\n<p style=\"text-align: center;\">Adgelson Gomes De Sousa e Aldenir Mendes dos Reis<br \/>\nFone: (61) 3567-5088<br \/>\ne-mail: adgelsonbrasilia@gmail.com<\/p>\n<p style=\"text-align: center;\">Ant\u00f4nia Maria M. Vasconcelos, Carla Siqueira e Sousa, Concei\u00e7\u00e3o Borges Silva Edicarlos Pereira Costa.<\/p>\n<p>[\/vc_column_text][\/vc_column][vc_column width=&#8221;1\/3&#8243;][vc_single_image image=&#8221;8404&#8243; img_size=&#8221;medium&#8221; alignment=&#8221;center&#8221; style=&#8221;vc_box_circle_2&#8243;][vc_empty_space height=&#8221;22px&#8221;][vc_column_text]<\/p>\n<p style=\"text-align: center;\"><strong>Ministros Extraordin\u00e1rios da Sagrada Comunh\u00e3o Eucar\u00edstica \u2013 MESCE<\/strong><\/p>\n<p style=\"text-align: center;\">Coordenadora: Maria Das Gra\u00e7as Cavalcante Gon\u00e7alves<br \/>\nFone: (61) 3567-5997<br \/>\ne-mail: graca1949@gmail.com<\/p>\n<p style=\"text-align: center;\">Vice \u2013 Coordenadora e Secret\u00e1ria: Eliene F. Ara\u00fajo<\/p>\n<p>[\/vc_column_text][\/vc_column][\/vc_row]<\/p>\n","protected":false},"excerpt":{"rendered":"<p>[vc_row][vc_column][\/vc_column][\/vc_row][vc_row][vc_column width=&#8221;1\/3&#8243;][vc_single_image image=&#8221;8386&#8243; img_size=&#8221;medium&#8221; alignment=&#8221;center&#8221; style=&#8221;vc_box_circle_2&#8243;][vc_empty_space height=&#8221;22px&#8221;][vc_column_text] Bandas Lit\u00fargicas Coordenador: Ednaldo Bezerra de Souza Fonseca [\/vc_column_text][\/vc_column][vc_column width=&#8221;1\/3&#8243;][vc_single_image image=&#8221;8393&#8243; img_size=&#8221;medium&#8221; alignment=&#8221;center&#8221; style=&#8221;vc_box_circle_2&#8243;][vc_empty_space height=&#8221;22px&#8221;][vc_column_text] Auxiliares da Coordena\u00e7\u00e3o Gertrudes Rodrigues Fone: (61) 99832-9477<\/p>\n","protected":false},"author":1,"featured_media":0,"parent":0,"menu_order":0,"comment_status":"closed","ping_status":"closed","template":"","meta":{"footnotes":""},"class_list":["post-8398","page","type-page","status-publish","hentry"],"_links":{"self":[{"href":"https:\/\/divinorog.com.br\/index.php\/wp-json\/wp\/v2\/pages\/8398","targetHints":{"allow":["GET"]}}],"collection":[{"href":"https:\/\/divinorog.com.br\/index.php\/wp-json\/wp\/v2\/pages"}],"about":[{"href":"https:\/\/divinorog.com.br\/index.php\/wp-json\/wp\/v2\/types\/page"}],"author":[{"embeddable":true,"href":"https:\/\/divinorog.com.br\/index.php\/wp-json\/wp\/v2\/users\/1"}],"replies":[{"embeddable":true,"href":"https:\/\/divinorog.com.br\/index.php\/wp-json\/wp\/v2\/comments?post=8398"}],"version-history":[{"count":13,"href":"https:\/\/divinorog.com.br\/index.php\/wp-json\/wp\/v2\/pages\/8398\/revisions"}],"predecessor-version":[{"id":8420,"href":"https:\/\/divinorog.com.br\/index.php\/wp-json\/wp\/v2\/pages\/8398\/revisions\/8420"}],"wp:attachment":[{"href":"https:\/\/divinorog.com.br\/index.php\/wp-json\/wp\/v2\/media?parent=8398"}],"curies":[{"name":"wp","href":"https:\/\/api.w.org\/{rel}","templated":true}]}}