{"id":5297,"date":"2018-03-23T22:17:35","date_gmt":"2018-03-24T01:17:35","guid":{"rendered":"https:\/\/divinorog.com.br\/site\/?page_id=5297"},"modified":"2024-06-21T10:41:12","modified_gmt":"2024-06-21T10:41:12","slug":"coordenacoes","status":"publish","type":"page","link":"https:\/\/divinorog.com.br\/index.php\/coordenacoes\/","title":{"rendered":"Coordena\u00e7\u00f5es e Membros Pastorais"},"content":{"rendered":"<p>[vc_row][vc_column width=&#8221;1\/2&#8243;][vc_column_text]<\/p>\n<h2 class=\"title\" style=\"text-align: center;\">Coordena\u00e7\u00f5es e Membros das Pastorais, Grupos e Movimentos<\/h2>\n<p style=\"text-align: center;\">Veja todas as pastorais e movimentos da nossa Igreja.<\/p>\n<p>&nbsp;<\/p>\n<table style=\"height: 109px;\" width=\"495\">\n<tbody>\n<tr>\n<td width=\"127\"><strong>P\u00e1roco<\/strong><\/td>\n<td width=\"278\">Pe. M\u00e1rio Alves Bandeira \u2013 RCJ<\/td>\n<\/tr>\n<tr>\n<td><strong>Vig\u00e1rio Paroquial<\/strong><\/td>\n<td>Pe. Carlos Andr\u00e9 C\u00e2mara \u2013 RCJ<\/td>\n<\/tr>\n<tr>\n<td><strong>Colaboradores<\/strong><\/td>\n<td>Pe. Marcos de \u00c1vila e Pe. Adriano Cust\u00f3dio<\/td>\n<\/tr>\n<\/tbody>\n<\/table>\n<p>&nbsp;<\/p>\n<p><strong>Conselho Paroquial de Pastoral \u2013 CPP<br \/>\n<\/strong><\/p>\n<table class=\" alignleft\" style=\"height: 60px;\" width=\"488\">\n<tbody>\n<tr>\n<td width=\"110\"><strong>Presidente<\/strong><\/td>\n<td width=\"213\">Pe. M\u00e1rio Alves Bandeira \u2013 RCJ<\/td>\n<\/tr>\n<tr>\n<td><strong>Coordenadora<\/strong><\/td>\n<td>Maria Leodenice A. Magalh\u00f5es<\/td>\n<\/tr>\n<\/tbody>\n<\/table>\n<p>[\/vc_column_text][vc_empty_space height=&#8221;40px&#8221;][\/vc_column][vc_column width=&#8221;1\/2&#8243;][vc_single_image image=&#8221;4492&#8243; img_size=&#8221;full&#8221; alignment=&#8221;center&#8221; style=&#8221;vc_box_shadow_3d&#8221; css_animation=&#8221;fadeIn&#8221;][\/vc_column][\/vc_row][vc_row][vc_column width=&#8221;1\/3&#8243;]<div class=\"slz-shortcode sc_contact sc-contact-66514350469e3689fb321a  \">\r\n\t    <div class=\"slz-list-block slz-list-contact-01 slz-list-column slz-column-1\">\r\n                                <div class=\"item\">\r\n                <div class=\"slz-contact-01\">\r\n                    <div class=\"contact-title main-item\">\r\n                                                        <div class=\"contact-item\">\r\n                                    <i class=\"slz-icon \"><\/i>\r\n                                    <div class=\"text\">Atendimento<\/div>\r\n                                <\/div>\r\n                                            <\/div>\r\n                    <div class=\"contact-content sub-item\">\r\n                                                        <div class=\"contact-item\">\r\n                                    <i class=\"slz-icon fa fa-phone-square\"><\/i>\r\n                                    <div class=\"text\">(61) 3036-6648<\/div>\r\n                                <\/div>\r\n                                                        <div class=\"contact-item\">\r\n                                    <i class=\"slz-icon fa fa-envelope-o\"><\/i>\r\n                                    <div class=\"text\">leodenice.df@gmail.com<br \/>\n<\/div>\r\n                                <\/div>\r\n                                            <\/div>\r\n                <\/div>\r\n            <\/div>\r\n            <\/div>\r\n    <\/div>\r\n\r\n\r\n[\/vc_column][\/vc_row]<\/p>\n","protected":false},"excerpt":{"rendered":"<p>[vc_row][vc_column width=&#8221;1\/2&#8243;][vc_column_text] Coordena\u00e7\u00f5es e Membros das Pastorais, Grupos e Movimentos Veja todas as pastorais e movimentos da nossa Igreja. &nbsp; P\u00e1roco Pe. M\u00e1rio Alves Bandeira \u2013 RCJ Vig\u00e1rio Paroquial Pe.<\/p>\n","protected":false},"author":1,"featured_media":0,"parent":0,"menu_order":0,"comment_status":"closed","ping_status":"closed","template":"","meta":{"footnotes":""},"class_list":["post-5297","page","type-page","status-publish","hentry"],"_links":{"self":[{"href":"https:\/\/divinorog.com.br\/index.php\/wp-json\/wp\/v2\/pages\/5297","targetHints":{"allow":["GET"]}}],"collection":[{"href":"https:\/\/divinorog.com.br\/index.php\/wp-json\/wp\/v2\/pages"}],"about":[{"href":"https:\/\/divinorog.com.br\/index.php\/wp-json\/wp\/v2\/types\/page"}],"author":[{"embeddable":true,"href":"https:\/\/divinorog.com.br\/index.php\/wp-json\/wp\/v2\/users\/1"}],"replies":[{"embeddable":true,"href":"https:\/\/divinorog.com.br\/index.php\/wp-json\/wp\/v2\/comments?post=5297"}],"version-history":[{"count":6,"href":"https:\/\/divinorog.com.br\/index.php\/wp-json\/wp\/v2\/pages\/5297\/revisions"}],"predecessor-version":[{"id":8368,"href":"https:\/\/divinorog.com.br\/index.php\/wp-json\/wp\/v2\/pages\/5297\/revisions\/8368"}],"wp:attachment":[{"href":"https:\/\/divinorog.com.br\/index.php\/wp-json\/wp\/v2\/media?parent=5297"}],"curies":[{"name":"wp","href":"https:\/\/api.w.org\/{rel}","templated":true}]}}