{"id":4976,"date":"2018-03-20T23:56:52","date_gmt":"2018-03-21T02:56:52","guid":{"rendered":"https:\/\/divinorog.com.br\/site\/?page_id=4976"},"modified":"2018-03-20T23:56:52","modified_gmt":"2018-03-21T02:56:52","slug":"confissoes-e-orientacoes-espirituais","status":"publish","type":"page","link":"https:\/\/divinorog.com.br\/index.php\/confissoes-e-orientacoes-espirituais\/","title":{"rendered":"Confiss\u00f5es e Orienta\u00e7\u00f5es Espirituais"},"content":{"rendered":"\t\t<div data-elementor-type=\"wp-page\" data-elementor-id=\"4976\" class=\"elementor elementor-4976\">\n\t\t\t\t\t\t\t\t\t<section data-particle_enable=\"false\" data-particle-mobile-disabled=\"false\" class=\"elementor-section elementor-top-section elementor-element elementor-element-2f10383a elementor-section-boxed elementor-section-height-default elementor-section-height-default\" data-id=\"2f10383a\" data-element_type=\"section\">\n\t\t\t\t\t\t<div class=\"elementor-container elementor-column-gap-default\">\n\t\t\t\t\t<div class=\"elementor-column elementor-col-100 elementor-top-column elementor-element elementor-element-4e999448\" data-id=\"4e999448\" data-element_type=\"column\">\n\t\t\t<div class=\"elementor-widget-wrap elementor-element-populated\">\n\t\t\t\t\t\t\t\t<div class=\"elementor-element elementor-element-f31504a elementor-widget elementor-widget-image\" data-id=\"f31504a\" data-element_type=\"widget\" data-widget_type=\"image.default\">\n\t\t\t\t<div class=\"elementor-widget-container\">\n\t\t\t<style>\/*! elementor - v3.11.5 - 14-03-2023 *\/\n.elementor-widget-image{text-align:center}.elementor-widget-image a{display:inline-block}.elementor-widget-image a img[src$=\".svg\"]{width:48px}.elementor-widget-image img{vertical-align:middle;display:inline-block}<\/style>\t\t\t\t\t\t\t\t\t\t\t\t<img loading=\"lazy\" decoding=\"async\" width=\"550\" height=\"163\" src=\"https:\/\/divinorog.com.br\/wp-content\/uploads\/2018\/03\/confissoes-e1678140612728.jpg\" class=\"attachment-full size-full wp-image-4977\" alt=\"\" srcset=\"https:\/\/divinorog.com.br\/wp-content\/uploads\/2018\/03\/confissoes-e1678140612728.jpg 550w, https:\/\/divinorog.com.br\/wp-content\/uploads\/2018\/03\/confissoes-e1678140612728-300x89.jpg 300w\" sizes=\"auto, (max-width: 550px) 100vw, 550px\" \/>\t\t\t\t\t\t\t\t\t\t\t\t\t\t\t<\/div>\n\t\t\t\t<\/div>\n\t\t\t\t<div class=\"elementor-element elementor-element-2ae9b080 elementor-widget elementor-widget-text-editor\" data-id=\"2ae9b080\" data-element_type=\"widget\" data-widget_type=\"text-editor.default\">\n\t\t\t\t<div class=\"elementor-widget-container\">\n\t\t\t<style>\/*! elementor - v3.11.5 - 14-03-2023 *\/\n.elementor-widget-text-editor.elementor-drop-cap-view-stacked .elementor-drop-cap{background-color:#818a91;color:#fff}.elementor-widget-text-editor.elementor-drop-cap-view-framed .elementor-drop-cap{color:#818a91;border:3px solid;background-color:transparent}.elementor-widget-text-editor:not(.elementor-drop-cap-view-default) .elementor-drop-cap{margin-top:8px}.elementor-widget-text-editor:not(.elementor-drop-cap-view-default) .elementor-drop-cap-letter{width:1em;height:1em}.elementor-widget-text-editor .elementor-drop-cap{float:left;text-align:center;line-height:1;font-size:50px}.elementor-widget-text-editor .elementor-drop-cap-letter{display:inline-block}<\/style>\t\t\t\t<p>O Sacramento da Reconcilia\u00e7\u00e3o permite que voltemos para Deus depois das confiss\u00f5es dos pecados e da absolvi\u00e7\u00e3o dada pelo sacerdote. As confiss\u00f5es espirituais ocorrer\u00e3o de&nbsp;<span style=\"color: #ff0000;\"><strong>\u201cter\u00e7a \u00e0 sexta-feira\u201d a partir das 18h50<\/strong><\/span>&nbsp;(antes das missas) na Igreja Matriz.<\/p>\n<p>Pode-se tamb\u00e9m agendar atendimentos na secretaria paroquial.<\/p>\n<p>Os atendimentos de orienta\u00e7\u00e3o espiritual, feito pelos padres, tamb\u00e9m pode ser marcados previamente na secret\u00e1ria.<\/p>\t\t\t\t\t\t<\/div>\n\t\t\t\t<\/div>\n\t\t\t\t\t<\/div>\n\t\t<\/div>\n\t\t\t\t\t\t\t<\/div>\n\t\t<\/section>\n\t\t\t\t\t\t\t<\/div>\n\t\t","protected":false},"excerpt":{"rendered":"<p>O Sacramento da Reconcilia\u00e7\u00e3o permite que voltemos para Deus depois das confiss\u00f5es dos pecados e da absolvi\u00e7\u00e3o dada pelo sacerdote. As confiss\u00f5es espirituais ocorrer\u00e3o de&nbsp;\u201cter\u00e7a \u00e0 sexta-feira\u201d a partir das<\/p>\n","protected":false},"author":1,"featured_media":0,"parent":0,"menu_order":0,"comment_status":"open","ping_status":"closed","template":"","meta":{"footnotes":""},"class_list":["post-4976","page","type-page","status-publish","hentry"],"_links":{"self":[{"href":"https:\/\/divinorog.com.br\/index.php\/wp-json\/wp\/v2\/pages\/4976","targetHints":{"allow":["GET"]}}],"collection":[{"href":"https:\/\/divinorog.com.br\/index.php\/wp-json\/wp\/v2\/pages"}],"about":[{"href":"https:\/\/divinorog.com.br\/index.php\/wp-json\/wp\/v2\/types\/page"}],"author":[{"embeddable":true,"href":"https:\/\/divinorog.com.br\/index.php\/wp-json\/wp\/v2\/users\/1"}],"replies":[{"embeddable":true,"href":"https:\/\/divinorog.com.br\/index.php\/wp-json\/wp\/v2\/comments?post=4976"}],"version-history":[{"count":0,"href":"https:\/\/divinorog.com.br\/index.php\/wp-json\/wp\/v2\/pages\/4976\/revisions"}],"wp:attachment":[{"href":"https:\/\/divinorog.com.br\/index.php\/wp-json\/wp\/v2\/media?parent=4976"}],"curies":[{"name":"wp","href":"https:\/\/api.w.org\/{rel}","templated":true}]}}