{"id":4970,"date":"2018-03-20T23:42:18","date_gmt":"2018-03-21T02:42:18","guid":{"rendered":"https:\/\/divinorog.com.br\/site\/?page_id=4970"},"modified":"2018-03-20T23:42:18","modified_gmt":"2018-03-21T02:42:18","slug":"agenda-paroquial","status":"publish","type":"page","link":"https:\/\/divinorog.com.br\/index.php\/agenda-paroquial\/","title":{"rendered":"Agenda Paroquial"},"content":{"rendered":"<p>[vc_row][vc_column][vc_separator style=&#8221;shadow&#8221; border_width=&#8221;3&#8243; css_animation=&#8221;fadeIn&#8221;][vc_single_image image=&#8221;4971&#8243; img_size=&#8221;full&#8221; alignment=&#8221;center&#8221; css_animation=&#8221;fadeIn&#8221;][\/vc_column][\/vc_row][vc_row][vc_column][vc_wp_text title=&#8221;Nossa Agenda Paroquial&#8221;]<\/p>\n<div class=\"entry-content\">\n<div class=\"vc_row wpb_row vc_row-fluid\">\n<div class=\"wpb_column vc_column_container vc_col-sm-12\">\n<div class=\"vc_column-inner \">\n<div class=\"wpb_wrapper\">\n<div class=\"vc_wp_text wpb_content_element\">\n<div class=\"widget widget_text\">\n<div class=\"textwidget\">\n<p>Confira toda a programa\u00e7\u00e3o de atividades e eventos que ser\u00e3o realizados pela Paroquia.<\/p>\n<\/div>\n<\/div>\n<\/div>\n<\/div>\n<\/div>\n<\/div>\n<\/div>\n<\/div>\n<p>[\/vc_wp_text][vc_wp_calendar][\/vc_column][\/vc_row][vc_row][vc_column width=&#8221;1\/6&#8243;][\/vc_column][vc_column width=&#8221;2\/3&#8243;]<div class=\"slz_shortcode col-2-shortcode sc_accordion accordion-146497104869e3635420bbb \"><div id=\"accordion-146497104869e3635420bbb\" role=\"tablist\" aria-multiselectable=\"true\" class=\"slz-accordion-group\"><div class=\"accordion-panel panel\">\r\n\t\t\t\t\t\t<div id=\"heading-0-146497104869e3635420bbb\" role=\"tab\" class=\"panel-heading  active_panel\">\r\n\t\t\t\t\t\t\t<a role=\"button\" data-toggle=\"collapse\" data-parent=\"#accordion-146497104869e3635420bbb\" href=\"#collapse-0-146497104869e3635420bbb\" aria-expanded=\"true\" aria-controls=\"collapse-0-146497104869e3635420bbb\" class=\" check-data-collapsed\">\r\n\t\t\t\t\t\t\t\t<i class=\"icon-plus accordion-icon\"><\/i>\r\n\t\t\t\t\t\t\t\t<span><i class=\"fa fa-calendar title-icon\"><\/i>13 - DOMINGO<\/span>\r\n\t\t\t\t\t\t\t<\/a>\r\n\t\t\t\t\t\t<\/div>\r\n\t\t\t\t\t\r\n\t\t\t\t\t\t<div id=\"collapse-0-146497104869e3635420bbb\" role=\"tabpanel\" aria-labelledby=\"heading-0-146497104869e3635420bbb\" class=\"panel-collapse collapse in\">\r\n\t\t\t\t\t\t\t<div class=\"panel-body\">Solenidade da Ascens\u00e3o do Senhor, Dia das M\u00e3es\/Ben\u00e7\u00e3o e Lan\u00e7amento da Pedra Fundamental da nova Igreja Nossa Senhora de Lourdes\/ Almo\u00e7o Beneficente na Comunidade NSL.<\/div>\r\n\t\t\t\t\t\t<\/div>\r\n\t\t\t\t\t<\/div><div class=\"accordion-panel panel\">\r\n\t\t\t\t\t\t<div id=\"heading-1-146497104869e3635420bbb\" role=\"tab\" class=\"panel-heading  \">\r\n\t\t\t\t\t\t\t<a role=\"button\" data-toggle=\"collapse\" data-parent=\"#accordion-146497104869e3635420bbb\" href=\"#collapse-1-146497104869e3635420bbb\" aria-expanded=\"false\" aria-controls=\"collapse-1-146497104869e3635420bbb\" class=\"collapsed check-data-collapsed\">\r\n\t\t\t\t\t\t\t\t<i class=\"icon-plus accordion-icon\"><\/i>\r\n\t\t\t\t\t\t\t\t<span><i class=\"fa fa-calendar-o title-icon\"><\/i>15 - TER\u00c7A-FEIRA<\/span>\r\n\t\t\t\t\t\t\t<\/a>\r\n\t\t\t\t\t\t<\/div>\r\n\t\t\t\t\t\r\n\t\t\t\t\t\t<div id=\"collapse-1-146497104869e3635420bbb\" role=\"tabpanel\" aria-labelledby=\"heading-1-146497104869e3635420bbb\" class=\"panel-collapse collapse \">\r\n\t\t\t\t\t\t\t<div class=\"panel-body\">120 anos da Congrega\u00e7\u00e3o de 13 anos da Canoniza\u00e7\u00e3o de Santo An\u00edbal Di Francia.<\/div>\r\n\t\t\t\t\t\t<\/div>\r\n\t\t\t\t\t<\/div><div class=\"accordion-panel panel\">\r\n\t\t\t\t\t\t<div id=\"heading-2-146497104869e3635420bbb\" role=\"tab\" class=\"panel-heading  \">\r\n\t\t\t\t\t\t\t<a role=\"button\" data-toggle=\"collapse\" data-parent=\"#accordion-146497104869e3635420bbb\" href=\"#collapse-2-146497104869e3635420bbb\" aria-expanded=\"false\" aria-controls=\"collapse-2-146497104869e3635420bbb\" class=\"collapsed check-data-collapsed\">\r\n\t\t\t\t\t\t\t\t<i class=\"icon-plus accordion-icon\"><\/i>\r\n\t\t\t\t\t\t\t\t<span><i class=\"fa fa-calendar title-icon\"><\/i>16 - QUARTA-FEIRA<\/span>\r\n\t\t\t\t\t\t\t<\/a>\r\n\t\t\t\t\t\t<\/div>\r\n\t\t\t\t\t\r\n\t\t\t\t\t\t<div id=\"collapse-2-146497104869e3635420bbb\" role=\"tabpanel\" aria-labelledby=\"heading-2-146497104869e3635420bbb\" class=\"panel-collapse collapse \">\r\n\t\t\t\t\t\t\t<div class=\"panel-body\">121 anos da Congrega\u00e7\u00e3o e 14 anos da Canoniza\u00e7\u00e3o de Santo An\u00edbal Di Francia.<\/div>\r\n\t\t\t\t\t\t<\/div>\r\n\t\t\t\t\t<\/div><div class=\"accordion-panel panel\">\r\n\t\t\t\t\t\t<div id=\"heading-3-146497104869e3635420bbb\" role=\"tab\" class=\"panel-heading  \">\r\n\t\t\t\t\t\t\t<a role=\"button\" data-toggle=\"collapse\" data-parent=\"#accordion-146497104869e3635420bbb\" href=\"#collapse-3-146497104869e3635420bbb\" aria-expanded=\"false\" aria-controls=\"collapse-3-146497104869e3635420bbb\" class=\"collapsed check-data-collapsed\">\r\n\t\t\t\t\t\t\t\t<i class=\"icon-plus accordion-icon\"><\/i>\r\n\t\t\t\t\t\t\t\t<span><i class=\"fa fa-calendar-o title-icon\"><\/i>18 - SEXTA-FEIRA<\/span>\r\n\t\t\t\t\t\t\t<\/a>\r\n\t\t\t\t\t\t<\/div>\r\n\t\t\t\t\t\r\n\t\t\t\t\t\t<div id=\"collapse-3-146497104869e3635420bbb\" role=\"tabpanel\" aria-labelledby=\"heading-3-146497104869e3635420bbb\" class=\"panel-collapse collapse \">\r\n\t\t\t\t\t\t\t<div class=\"panel-body\">T\u00e9rmino da Novena do Divino Esp\u00edrito Santo.<\/div>\r\n\t\t\t\t\t\t<\/div>\r\n\t\t\t\t\t<\/div><div class=\"accordion-panel panel\">\r\n\t\t\t\t\t\t<div id=\"heading-4-146497104869e3635420bbb\" role=\"tab\" class=\"panel-heading  \">\r\n\t\t\t\t\t\t\t<a role=\"button\" data-toggle=\"collapse\" data-parent=\"#accordion-146497104869e3635420bbb\" href=\"#collapse-4-146497104869e3635420bbb\" aria-expanded=\"false\" aria-controls=\"collapse-4-146497104869e3635420bbb\" class=\"collapsed check-data-collapsed\">\r\n\t\t\t\t\t\t\t\t<i class=\"icon-plus accordion-icon\"><\/i>\r\n\t\t\t\t\t\t\t\t<span><i class=\"fa fa-calendar title-icon\"><\/i>19 - S\u00c1BADO<\/span>\r\n\t\t\t\t\t\t\t<\/a>\r\n\t\t\t\t\t\t<\/div>\r\n\t\t\t\t\t\r\n\t\t\t\t\t\t<div id=\"collapse-4-146497104869e3635420bbb\" role=\"tabpanel\" aria-labelledby=\"heading-4-146497104869e3635420bbb\" class=\"panel-collapse collapse \">\r\n\t\t\t\t\t\t\t<div class=\"panel-body\">Solene Vig\u00edlia de Pentecostes\/ Missa dos 45 anos da Par\u00f3quia.<\/div>\r\n\t\t\t\t\t\t<\/div>\r\n\t\t\t\t\t<\/div><div class=\"accordion-panel panel\">\r\n\t\t\t\t\t\t<div id=\"heading-5-146497104869e3635420bbb\" role=\"tab\" class=\"panel-heading  \">\r\n\t\t\t\t\t\t\t<a role=\"button\" data-toggle=\"collapse\" data-parent=\"#accordion-146497104869e3635420bbb\" href=\"#collapse-5-146497104869e3635420bbb\" aria-expanded=\"false\" aria-controls=\"collapse-5-146497104869e3635420bbb\" class=\"collapsed check-data-collapsed\">\r\n\t\t\t\t\t\t\t\t<i class=\"icon-plus accordion-icon\"><\/i>\r\n\t\t\t\t\t\t\t\t<span><i class=\"fa fa-calendar-o title-icon\"><\/i>20 - DOMINGO<\/span>\r\n\t\t\t\t\t\t\t<\/a>\r\n\t\t\t\t\t\t<\/div>\r\n\t\t\t\t\t\r\n\t\t\t\t\t\t<div id=\"collapse-5-146497104869e3635420bbb\" role=\"tabpanel\" aria-labelledby=\"heading-5-146497104869e3635420bbb\" class=\"panel-collapse collapse \">\r\n\t\t\t\t\t\t\t<div class=\"panel-body\">Solene de Pentecostes.<\/div>\r\n\t\t\t\t\t\t<\/div>\r\n\t\t\t\t\t<\/div><div class=\"accordion-panel panel\">\r\n\t\t\t\t\t\t<div id=\"heading-6-146497104869e3635420bbb\" role=\"tab\" class=\"panel-heading  \">\r\n\t\t\t\t\t\t\t<a role=\"button\" data-toggle=\"collapse\" data-parent=\"#accordion-146497104869e3635420bbb\" href=\"#collapse-6-146497104869e3635420bbb\" aria-expanded=\"false\" aria-controls=\"collapse-6-146497104869e3635420bbb\" class=\"collapsed check-data-collapsed\">\r\n\t\t\t\t\t\t\t\t<i class=\"icon-plus accordion-icon\"><\/i>\r\n\t\t\t\t\t\t\t\t<span><i class=\"fa fa-calendar-o title-icon\"><\/i>30 - QUARTA-FEIRA<\/span>\r\n\t\t\t\t\t\t\t<\/a>\r\n\t\t\t\t\t\t<\/div>\r\n\t\t\t\t\t\r\n\t\t\t\t\t\t<div id=\"collapse-6-146497104869e3635420bbb\" role=\"tabpanel\" aria-labelledby=\"heading-6-146497104869e3635420bbb\" class=\"panel-collapse collapse \">\r\n\t\t\t\t\t\t\t<div class=\"panel-body\">Missa de abertura da 23\u00aa festa da Folia do Divino.<\/div>\r\n\t\t\t\t\t\t<\/div>\r\n\t\t\t\t\t<\/div><div class=\"accordion-panel panel\">\r\n\t\t\t\t\t\t<div id=\"heading-7-146497104869e3635420bbb\" role=\"tab\" class=\"panel-heading  \">\r\n\t\t\t\t\t\t\t<a role=\"button\" data-toggle=\"collapse\" data-parent=\"#accordion-146497104869e3635420bbb\" href=\"#collapse-7-146497104869e3635420bbb\" aria-expanded=\"false\" aria-controls=\"collapse-7-146497104869e3635420bbb\" class=\"collapsed check-data-collapsed\">\r\n\t\t\t\t\t\t\t\t<i class=\"icon-plus accordion-icon\"><\/i>\r\n\t\t\t\t\t\t\t\t<span><i class=\"fa fa-calendar title-icon\"><\/i>31 - QUINTA-FEIRA<\/span>\r\n\t\t\t\t\t\t\t<\/a>\r\n\t\t\t\t\t\t<\/div>\r\n\t\t\t\t\t\r\n\t\t\t\t\t\t<div id=\"collapse-7-146497104869e3635420bbb\" role=\"tabpanel\" aria-labelledby=\"heading-7-146497104869e3635420bbb\" class=\"panel-collapse collapse \">\r\n\t\t\t\t\t\t\t<div class=\"panel-body\">Solenidade do Sant\u00edssimo Corpo e Sangue de Jesus (Corpus Christi) \/ Giro da Folia.<\/div>\r\n\t\t\t\t\t\t<\/div>\r\n\t\t\t\t\t<\/div><\/div><\/div>[vc_empty_space height=&#8221;45px&#8221;][vc_column_text]<\/p>\n<p style=\"text-align: center;\"><em><strong>OBSERVA\u00c7\u00d5ES:<\/strong><\/em><\/p>\n<p style=\"text-align: center;\"><span style=\"color: #ff0000;\">Adora\u00e7\u00e3o ao Sant\u00edssimo Sacramento (15h \u00e0s 18h30).<\/span><br \/>\n<span style=\"color: #ff0000;\">Novena de Santo An\u00edbal Maria Di Fran\u00e7a (18h30).<\/span><br \/>\n<span style=\"color: #ff0000;\">Ter\u00e7o dos Homens (20h150)<\/span><\/p>\n<p>[\/vc_column_text][\/vc_column][vc_column width=&#8221;1\/6&#8243;][\/vc_column][\/vc_row]<\/p>\n","protected":false},"excerpt":{"rendered":"<p>[vc_row][vc_column][vc_separator style=&#8221;shadow&#8221; border_width=&#8221;3&#8243; css_animation=&#8221;fadeIn&#8221;][vc_single_image image=&#8221;4971&#8243; img_size=&#8221;full&#8221; alignment=&#8221;center&#8221; css_animation=&#8221;fadeIn&#8221;][\/vc_column][\/vc_row][vc_row][vc_column][vc_wp_text title=&#8221;Nossa Agenda Paroquial&#8221;] Confira toda a programa\u00e7\u00e3o de atividades e eventos que ser\u00e3o realizados pela Paroquia. [\/vc_wp_text][vc_wp_calendar][\/vc_column][\/vc_row][vc_row][vc_column width=&#8221;1\/6&#8243;][\/vc_column][vc_column width=&#8221;2\/3&#8243;][vc_empty_space height=&#8221;45px&#8221;][vc_column_text] OBSERVA\u00c7\u00d5ES: Adora\u00e7\u00e3o<\/p>\n","protected":false},"author":1,"featured_media":0,"parent":0,"menu_order":0,"comment_status":"open","ping_status":"closed","template":"","meta":{"footnotes":""},"class_list":["post-4970","page","type-page","status-publish","hentry"],"_links":{"self":[{"href":"https:\/\/divinorog.com.br\/index.php\/wp-json\/wp\/v2\/pages\/4970","targetHints":{"allow":["GET"]}}],"collection":[{"href":"https:\/\/divinorog.com.br\/index.php\/wp-json\/wp\/v2\/pages"}],"about":[{"href":"https:\/\/divinorog.com.br\/index.php\/wp-json\/wp\/v2\/types\/page"}],"author":[{"embeddable":true,"href":"https:\/\/divinorog.com.br\/index.php\/wp-json\/wp\/v2\/users\/1"}],"replies":[{"embeddable":true,"href":"https:\/\/divinorog.com.br\/index.php\/wp-json\/wp\/v2\/comments?post=4970"}],"version-history":[{"count":0,"href":"https:\/\/divinorog.com.br\/index.php\/wp-json\/wp\/v2\/pages\/4970\/revisions"}],"wp:attachment":[{"href":"https:\/\/divinorog.com.br\/index.php\/wp-json\/wp\/v2\/media?parent=4970"}],"curies":[{"name":"wp","href":"https:\/\/api.w.org\/{rel}","templated":true}]}}